ase 5
3
What is 2 (base 10) in base 5?
2
What is -1 (base 8) in base 13?
-1
What is -6 (base 11) in base 5?
-11
What is 43 (base 13) in base 14?
3d
Convert -130 (base 5) to base 6.
-104
Convert 0 (base 16) to base 7.
0
Convert -100001 (base 2) to base 7.
-45
Convert 1 (base 10) to base 7.
1
-22 (base 13) to base 8
-34
-bd (base 14) to base 13
-cb
1 (base 16) to base 4
1
What is -1 (base 14) in base 8?
-1
6 (base 16) to base 6
10
What is -9 (base 14) in base 3?
-100
-1 (base 5) to base 3
-1
-1303 (base 6) to base 2
-101000111
2 (base 16) to base 4
2
3 (base 5) to base 10
3
Convert -49 (base 13) to base 11.
-56
Convert -12 (base 6) to base 11.
-8
What is -46 (base 14) in base 6?
-142
-312 (base 4) to base 16
-36
-73 (base 13) to base 15
-64
What is -5 (base 9) in base 13?
-5
Convert 7 (base 12) to base 16.
7
What is -131 (base 7) in base 8?
-107
1b (base 12) to base 8
27
10 (base 2) to base 6
2
11122 (base 3) to base 7
236
Convert 1 (base 15) to base 16.
1
Convert 2 (base 9) to base 12.
2
Convert 4 (base 8) to base 5.
4
61 (base 10) to base 13
49
Convert -13 (base 7) to base 6.
-14
3 (base 12) to base 11
3
Convert -120 (base 4) to base 10.
-24
Convert -4 (base 14) to base 4.
-10
Convert -98 (base 11) to base 8.
-153
What is -2 (base 10) in base 16?
-2
Convert 0 (base 7) to base 16.
0
1011 (base 4) to base 14
4d
Convert -2 (base 3) to base 2.
-10
Convert 1b (base 12) to base 11.
21
Convert -23 (base 15) to base 14.
-25
1004 (base 5) to base 7
243
22020 (base 3) to base 4
3132
-2 (base 11) to base 6
-2
Convert 66 (base 13) to base 15.
59
Convert 13 (base 7) to base 13.
a
What is 0 (base 5) in base 16?
0
5 (base 7) to base 6
5
What is -123 (base 4) in base 15?
-1c
5 (base 12) to base 5
10
-86 (base 10) to base 13
-68
Convert 22 (base 3) to base 2.
1000
-7 (base 15) to base 2
-111
Convert 17 (base 8) to base 14.
11
What is 100 (base 2) in base 13?
4
-6 (base 14) to base 2
-110
-2 (base 16) to base 11
-2
Convert -4 (base 11) to base 12.
-4
-3 (base 15) to base 3
-10
113 (base 5) to base 2
100001
-16 (base 12) to base 9
-20
Convert 6 (base 15) to base 7.
6
-43 (base 6) to base 13
-21
-5 (base 11) to base 16
-5
Convert 33 (base 6) to base 5.
41
What is 42 (base 7) in base 13?
24
What is -233 (base 4) in base 9?
-52
What is 120 (base 3) in base 2?
1111
24 (base 5) to base 14
10
3 (base 13) to base 5
3
-12 (base 12) to base 8
-16
Convert 1 (base 3) to base 2.
1
What is a (base 13) in base 16?
a
Convert -28 (base 10) to base 6.
-44
Convert 1011 (base 2) to base 5.
21
Convert 212 (base 4) to base 10.
38
-c (base 16) to base 15
-c
Convert 3 (base 8) to base 12.
3
What is -3 (base 5) in base 14?
-3
What is 44 (base 12) in base 16?
34
415 (base 8) to base 12
1a5
What is -130 (base 4) in base 3?
-1001
0 (base 5) to base 7
0
Convert -31 (base 12) to base 6.
-101
What is 20 (base 16) in base 2?
100000
What is -20 (base 4) in base 5?
-13
What is -4 (base 8) in base 7?
-4
-48 (base 15) to base 11
-62
Convert -202 (base 6) to base 8.
-112
What is a (base 13) in base 4?
22
What is 24 (base 9) in base 7?
31
-10111 (base 2) to base 6
-35
Convert -12 (base 10) to base 11.
-11
What is -206 (base 9) in base 8?
-250
Convert 3 (base 15) to base 7.
3
What is 10101 (base 2) in base 14?
17
Convert -4 (base 11) to base 7.
-4
Convert 2 (base 14) to base 5.
2
What is 4 (base 16) in base 8?
4
-5 (base 11) to base 8
-5
Convert -12 (base 10) to base 14.
-c
26 (base 7) to base 14
16
Convert -7 (base 16) to base 7.
-10
-2 (base 12) to base 9
-2
Convert -3 (base 8) to base 14.
-3
What is 540 (base 8) in base 4?
11200
11 (base 8) to base 11
9
What is -1211 (base 3) in base 15?
-34
What is -8 (base 13) in base 10?
-8
Convert 13 (base 7) to base 2.
1010
Convert e (base 16) to base 11.
13
Convert 14 (base 5) to base 6.
13
Convert -3 (base 6) to base 7.
-3
48 (base 15) to base 13
53
What is -3 (base 16) in base 5?
-3
Convert b (base 16) to base 6.
15
103 (base 4) to base 3
201
What is -1b (base 14) in base 5?
-100
Convert -3 (base 11) to base 7.
-3
What is 3 (base 8) in base 2?
11
What is 1000 (base 2) in base 11?
8
Convert -22 (base 5) to base 11.
-11
Convert 8 (base 13) to base 2.
1000
220 (base 7) to base 15
77
Convert 3 (base 14) to base 3.
10
-1340 (base 5) to base 6
-1004
-21 (base 3) to base 16
-7
Convert 0 (base 14) to base 4.
0
3 (base 7) to base 12
3
3 (base 11) to base 12
3
Convert 2 (base 5) to base 11.
2
Convert 1 (base 7) to base 11.
1
-22 (base 3) to base 4
-20
Convert 231 (base 5) to base 14.
4a
0 (base 12) to base 6
0
What is e2 (base 15) in base 9?
255
Convert 3 (base 15) to base 2.
11
Convert -6 (base 11) to base 16.
-6
Convert 231 (base 4) to base 2.
101101
Convert -23 (base 5) to base 8.
-15
76 (base 9) to base 3
2120
Convert -8 (base 16) to base 2.
-1000
What is 27 (base 14) in base 11?
32
What is -6 (base 10) in base 16?
-6
What is 5 (base 9) in base 12?
5
What is -8 (base 16) in base 13?
-8
13 (base 4) to base 13
7
Convert 4 (base 13) to base 10.
4
What is -105 (base 6) in base 13?
-32
Convert 3 (base 16) to base 5.
3
What is 3 (base 5) in base 7?
3
-1 (base 7) to base 10
-1
What is -4 (base 10) in base 16?
-4
11 (base 3) to base 9
4
Convert -126 (base 12) to base 11.
-149
Convert -1 (base 5) to base 7.
-1
Convert 332 (base 6) to base 14.
92
Convert 1101001 (base 2) to base 6.
253
-15 (base 11) to base 13
-13
Convert -1 (base 8) to base 16.
-1
What is 0 (base 15) in base 6?
0
Convert 253 (base 8) to base 13.
102
Convert 10 (base 9) to base 2.
1001
What is -2 (base 11) in base 8?
-2
1 (base 9) to base 5
1
What is -1 (base 5) in base 12?
-1
What is 28 (base 15) in base 9?
42
4 (base 15) to base 10
4
0 (base 4) to base 11
0
2 (base 15) to base 9
2
-14 (base 14) to base 15
-13
0 (base 2) to base 12
0
What is 0 (base 7) in base 14?
0
Convert 1 (base 7) to base 9.
1
Convert 17 (base 13) to base 5.
40
Convert 117 (base 12) to base 6.
431
-3 (base 14) to base 12
-3
What is -5 (base 11) in base 3?
-12
-206 (base 8) to base 6
-342
What is -14 (base 10) in base 15?
-e
What is 150 (base 7) in base 4?
1110
-230 (base 7) to base 8
-167
What is 48 (base 14) in base 10?
64
2 (base 3) to base 9
2
Convert 95 (base 11) to base 15.
6e
-22 (base 7) to base 14
-12
Convert -2b (base 16) to base 15.
-2d
What is -10101 (base 2) in base 12?
-19
Convert -11 (base 8) to base 14.
-9
What is 133 (base 6) in base 13?
45
What is -1 (base 2) in base 16?
-1
-87 (base 10) to base 13
-69
Convert 0 (base 15) to base 16.
0
1103 (base 4) to base 8
123
What is -2 (base 3) in base 6?
-2
What is 2 (base 14) in base 16?
2
28 (base 9) to base 3
222
45 (base 12) to base 6
125
What is 1c (base 15) in base 12?
23
What is 10 (base 11) in base 5?
21
Convert -5 (base 13) to base 10.
-5
What is -141 (base 5) in base 13?
-37
Convert 10 (base 13) to base 4.
31
-31 (base 9) to base 6
-44
Convert 322 (base 4) to base 7.
112
Convert 27 (base 13) to base 14.
25
Convert 27 (base 14) to base 3.
1022
What is -33 (base 6) in base 5?
-41
660 (base 7) to base 8
520
-4 (base 12) to base 5
-4
Convert 1 (base 12) to base 15.
1
28 (base 10) to base 6
44
What is 1110 (base 2) in base 3?
112
Convert -64 (base 14) to base 4.
-1120
-31 (base 10) to base 9
-34
What is 0 (base 14) in base 3?
0
-12 (base 6) to base 2
-1000
1001110 (base 2) to base 16
4e
What is -19 (base 14) in base 8?
-27
-11 (base 4) to base 12
-5
Convert -230 (base 4) to base 12.
-38
What is a2 (base 13) in base 11?
110
Convert 3 (base 8) to base 10.
3
12 (base 4) to base 13
6
What is 23 (base 5) in base 10?
13
-1 (base 10) to base 15
-1
11 (base 16) to base 12
15
What is -36 (base 9) in base 5?
-113
206 (base 9) to base 10
168
What is -6d (base 16) in base 13?
-85
Convert -10 (base 3) to base 7.
-3
Convert -11000 (base 2) to base 12.
-20
Convert -3 (base 14) to base 3.
-10
-16 (base 8) to base 7
-20
Convert 7 (base 14) to base 15.
7
Convert -3 (base 10) to base 5.
-3
Convert -5c (base 16) to base 13.
-71
Convert -e (base 16) to base 8.
-16
11 (base 5) to base 13
6
Convert -a1 (base 11) to base 9.
-133
What is 4 (base 9) in base 4?
10
-3 (base 6) to base 8
-3
What is -4 (base 13) in base 8?
-4
Convert -7 (base 15) to base 5.
-12
What is 3 (base 4) in base 7?
3
6 (base 8) to base 12
6
-201 (base 4) to base 15
-23
Convert 22 (base 14) to base 9.
33
13 (base 11) to b